e remainder when b(-5) is divided by w(-4).
14
Let t(s) = s**2 - 22*s + 45. Let j be t(27). Let w = j + -166. What is the remainder when 109 is divided by w?
11
Let x(i) be the third derivative of 0 - 13/6*i**3 + 0*i + 13/24*i**4 + 1/20*i**5 + 14*i**2. Calculate the remainder when x(-7) is divided by 5.
3
Suppose -3*h + 80082 = -n, h - 5*n - 30272 = -3620. Calculate the remainder when h is divided by 14.
13
Suppose 8*m - 32*m = 28*m - 2496. What is the remainder when 795 is divided by m?
27
Let a be 834*(-2)/(-4) - 1*3. Let p = -286 + a. Calculate the remainder when p is divided by 44.
40
Let g(b) = -3 + 9 + 20 - 13*b - 6 + 3. Calculate the remainder when g(-8) is divided by 12.
7
Suppose 4*i = -388*m + 387*m + 2964, 4*i - 5908 = -2*m. Calculate the remainder when m is divided by 95.
94
Let y(h) = 77*h**2 - 1541*h + 38. What is the remainder when 17315 is divided by y(20)?
17
Suppose 11*q - 473 = -297. What is the remainder when 794 is divided by q?
10
Let y = -62 - -64. Suppose 4*u - 72 = -3*b + u, -y*u + 69 = 3*b. Suppose -g + b = 2*g. Calculate the remainder when g is divided by 2.
1
Suppose -21*q = 4*g - 23*q - 146, 0 = g + q - 32. What is the remainder when 314 is divided by g?
34
Let f(x) = 5*x + 184. Let n be f(-32). Suppose a - n = -3*z - 2*z, -5*z - 5*a = -20. Suppose -2*v + 3*v = 17. What is the remainder when v is divided by z?
2
Let g(y) = 3*y**2 + 4*y + 1. Let x(f) = 9*f**2 + 1330*f - 5386. Calculate the remainder when x(4) is divided by g(-3).
14
Suppose 35*v + 90 = 45*v. Suppose 50*u - v = 47*u. What is the remainder when 4 is divided by u?
1
Suppose -5*p + 1616 = 4*o, -303 = 5*p + 2*o - 1931. What is the remainder when p is divided by 135?
58
Let r(n) = 766*n - 4940. Calculate the remainder when 530 is divided by r(7).
108
Let k = -11061 - -11830. What is the remainder when k is divided by 98?
83
Let a = 142 + -60. Suppose -2*l = 4*s - 250 + a, 2*l - 48 = -s. What is the remainder when 112 is divided by s?
32
Suppose d = -d + 90. Let a(r) = -11*r + 373. Let h be a(-20). Let j = h - 576. What is the remainder when d is divided by j?
11
Suppose 3*p - 543 = -c, 0*c + 4*p - 1624 = -3*c. Let s = -485 + c. What is the remainder when 64 is divided by s?
9
Suppose -4*x = -0 - 8. Suppose -3*w = x - 8. Calculate the remainder when w is divided by (5 + (-2 - -1))*(-6)/(-12).
0
Let b(j) = -9*j**2 - 68*j + 13. Let o(q) = 9*q - 2. Suppose -2*u + 1 = -5. Calculate the remainder when b(-7) is divided by o(u).
23
Suppose 3*o - 5*p - 255 = 0, 5*o = 3*p + 406 + 35. Suppose 0 = -4*y + y - o. Calculate the remainder when 50 is divided by (5/(y/44))/((-8)/12).
6
Let h(w) = -864*w + 20. What is the remainder when h(-1) is divided by 291?
11
Let m be 4510/(-14) - (-6 - (-328)/56). Let y = m + 333. Calculate the remainder when 28 is divided by y.
6
Let a = 1665 + -1479. Calculate the remainder when 1688 is divided by a.
14
Suppose -r - 2*g + 99 = 0, 5*g - 219 = -2*r - 19. Calculate the remainder when 4939 is divided by r.
94
Let g(c) = c**3 + 4*c**2 - 34*c + 4. Calculate the remainder when g(-7) is divided by 11.
7
Suppose -a + 5 = -14. Suppose 2*l = -a*l + 588. Calculate the remainder when l is divided by 5.
3
Let g(a) = -a**3 - 8*a**2 - 8*a - 12. Let l(m) = -m**3 - 2*m**2 - 4*m - 1. What is the remainder when g(-8) is divided by l(-3)?
12
Let l(q) = 1 - q**2 + 3 - 10*q + 0 + 5. Let a be l(-10). Let g = 35 - a. What is the remainder when 71 is divided by g?
19
Suppose 23 = -7*m + 247. Calculate the remainder when m is divided by (553/(-21) + 7)*3/(-2).
3
Let c(j) = j**3 - 16*j**2 + 11. Let l be c(16). Suppose 12*m - l*m - 235 = 0. What is the remainder when m is divided by 79?
77
Let r(f) = 4*f + 2. Let j be r(1). Suppose -v - 105 = -j*v. Suppose -20*i + v*i = 54. What is the remainder when i is divided by 14?
12
Suppose -94*x + 2650 + 610 = -3790. Suppose 4*k = -4*d + 72, -72 = -4*k - 2*d - d. Calculate the remainder when x is divided by k.
3
Let h(t) = -t**3 + 66*t + 1120. What is the remainder when h(0) is divided by 75?
70
Let r(q) = -3*q - 37. Suppose 5*d + 73 = d - b, -b - 19 = d. What is the remainder when 168 is divided by r(d)?
15
Let g = -258 - -263. Suppose -2*a - d - 19 = -4*a, -5 = g*d. What is the remainder when 32 is divided by a?
5
Suppose 5*g + 93 = -c + 10*g, -2*c - g - 219 = 0. Let n = c - -145. What is the remainder when 70 is divided by n?
33
Let w = 355 + -311. Suppose w*q - 4351 = 25*q. What is the remainder when q is divided by 26?
21
Suppose 0 = 10*m - 12*m + 14. Suppose 22 + 307 = m*s. Let x = s + -10. Calculate the remainder when 146 is divided by x.
35
Suppose -53 = 8*f - 213. Suppose 2*n = f - 10. Let r = 34 + -16. What is the remainder when r is divided by n?
3
Suppose -5*n - u = 40 - 231, -n = -u - 37. Let v = n + 20. Suppose -40 = -3*r - 2*y, -4*y + 6*y + v = 4*r. What is the remainder when r is divided by 8?
6
Suppose -4*m + 58 = 2*s, m + 10 = 2*m - s. Suppose -m*x + 756 = -10*x. Suppose 8*l - x = 2*l. Calculate the remainder when l is divided by 5.
2
Let m(d) = 86*d**3 - d**2 + d. Suppose 674*h - 8844 = 557*h - 687*h. What is the remainder when m(1) is divided by h?
9
Let y = -158 - -248. Let z = 84 - y. Calculate the remainder when 62 is divided by ((-132)/(-4))/(-4 - 33/z).
18
Suppose -4*n - 4 = -16. Suppose -2*g + n*g - 2 = 0, j - g = 85. Suppose -8*s + 198 = s. Calculate the remainder when j is divided by s.
21
What is the remainder when 874 is divided by -13*546/(-1352)*(128/(-6))/(-4)?
6
Suppose 2*d + 5*d + 42 = 0. Let w(u) = -3*u - 14. Let m be w(d). What is the remainder when 127 is divided by 28 - -2*(-5 + m)?
23
Let o(x) = -x**2 - 13966*x - 195318. Let z = -22 + 31. What is the remainder when (1 + 3 + -1)*z is divided by o(-14)?
7
Let r(g) = -14*g - 109. Suppose 30*w = 16*w - 126. Calculate the remainder when 82 is divided by r(w).
14
Suppose -2*q - 46 = -50. Suppose q + 8 = f. Let r = f + -8. Calculate the remainder when 8 is divided by r.
0
Let i(z) = 4*z**3 - 3*z**2 + 3*z - 3. Suppose 6*q - 7*q + 2 = 0. Let d(x) = 5*x + 53. Calculate the remainder when d(-2) is divided by i(q).
20
Suppose -78*a + 15194 = 378*a - 2590. Suppose d + w = 11, -5*d - 9 = 4*w - 63. Calculate the remainder when a is divided by (d/4)/(2/8).
9
Let y(g) = -2*g**2 + 38*g - 32. Let h be y(18). Suppose 2*r - 5*q - 103 = -10*q, -q = -h*r + 239. Calculate the remainder when r is divided by 30.
29
What is the remainder when 1/7 - 9180/(-420) is divided by 10/4 + 21/14?
2
Let f(k) = 30*k**3 + 989*k**2 - 49*k - 21. What is the remainder when f(-33) is divided by 47?
37
Let z(l) = -190*l - 1535. What is the remainder when z(-10) is divided by 98?
71
Let o = 9986 + -6052. Calculate the remainder when o is divided by 96.
94
Suppose 2*u + 2*q - 5*q + 11 = 0, -3*u - 5*q - 64 = 0. Let v = 77 - u. Suppose 0 = -5*g, -v = -5*t + 4*g - 5. What is the remainder when 50 is divided by t?
16
Suppose 10 + 235 = 5*m. Suppose -13*v = -12*v - 2. Suppose v*s = 7*s - 65. Calculate the remainder when m is divided by s.
10
Let c = -11073 + 11104. Suppose 35 = 3*g - 16. Suppose 0*j - j = -g. What is the remainder when c is divided by j?
14
Let m = 10677 + -10476. Calculate the remainder when 239 is divided by m.
38
Suppose o = -4*o + 5. Let l(x) be the second derivative of 7*x**4/12 + x**3/3 - x**2/2 - 1677*x. Calculate the remainder when 13 is divided by l(o).
5
Suppose 5*m = -u + 629, -224 + 228 = -4*u. Calculate the remainder when 388 is divided by m.
10
Let c(r) = -r + 13. What is the remainder when 3 + 22/(-10) + 13720/350 is divided by c(-6)?
2
Let n = -5615 + 5658. What is the remainder when n is divided by 2?
1
Let d = 4 + 17. Let g be -5*(-6)/(-42)*-7. Suppose -5*i = -4*q - 426, -3*i + g*i - 3*q = 176. What is the remainder when i is divided by d?
19
Let n be (-1292)/136 - (-1)/2. Let x(t) = -t**3 - 6*t**2 + 22*t - 17. Calculate the remainder when 50 is divided by x(n).
22
Suppose 255*i - 276*i = -987. What is the remainder when 1168 is divided by i?
40
Suppose 0 = -6531*o + 6521*o + 220. Calculate the remainder when 33 is divided by o.
11
Let f(q) = -7 + 183 + 12*q + 3*q - q + 24*q. Let h(l) = 13*l**2 - 2*l + 2. Calculate the remainder when h(3) is divided by f(-4).
17
Let b = -10282 - -10509. What is the remainder when 19973 is divided by b?
224
S